{"version":"1.0","provider_name":"Consulado General de la Rep\u00fablica Dominicana en La Haya, Reino de los Pa\u00edses Bajos","provider_url":"https:\/\/nld.mirex.gob.do\/consular\/amsterdam","title":"Sintoniza con la CinematecaRD en YouTube - Consulado General de la Rep\u00fablica Dominicana en La Haya, Reino de los Pa\u00edses Bajos","type":"rich","width":600,"height":338,"html":"<blockquote class=\"wp-embedded-content\" data-secret=\"nS4b3TbPTr\"><a href=\"https:\/\/nld.mirex.gob.do\/consular\/amsterdam\/sintoniza-con-la-cinematecard-en-youtube\/\">Sintoniza con la CinematecaRD en YouTube<\/a><\/blockquote><iframe sandbox=\"allow-scripts\" security=\"restricted\" src=\"https:\/\/nld.mirex.gob.do\/consular\/amsterdam\/sintoniza-con-la-cinematecard-en-youtube\/embed\/#?secret=nS4b3TbPTr\" width=\"600\" height=\"338\" title=\"&#8220;Sintoniza con la CinematecaRD en YouTube&#8221; &#8212; Consulado General de la Rep\u00fablica Dominicana en La Haya, Reino de los Pa\u00edses Bajos\" data-secret=\"nS4b3TbPTr\" frameborder=\"0\" marginwidth=\"0\" marginheight=\"0\" scrolling=\"no\" class=\"wp-embedded-content\"><\/iframe><script>\n\/*! This file is auto-generated *\/\n!function(d,l){\"use strict\";l.querySelector&&d.addEventListener&&\"undefined\"!=typeof URL&&(d.wp=d.wp||{},d.wp.receiveEmbedMessage||(d.wp.receiveEmbedMessage=function(e){var t=e.data;if((t||t.secret||t.message||t.value)&&!\/[^a-zA-Z0-9]\/.test(t.secret)){for(var s,r,n,a=l.querySelectorAll('iframe[data-secret=\"'+t.secret+'\"]'),o=l.querySelectorAll('blockquote[data-secret=\"'+t.secret+'\"]'),c=new RegExp(\"^https?:$\",\"i\"),i=0;i<o.length;i++)o[i].style.display=\"none\";for(i=0;i<a.length;i++)s=a[i],e.source===s.contentWindow&&(s.removeAttribute(\"style\"),\"height\"===t.message?(1e3<(r=parseInt(t.value,10))?r=1e3:~~r<200&&(r=200),s.height=r):\"link\"===t.message&&(r=new URL(s.getAttribute(\"src\")),n=new URL(t.value),c.test(n.protocol))&&n.host===r.host&&l.activeElement===s&&(d.top.location.href=t.value))}},d.addEventListener(\"message\",d.wp.receiveEmbedMessage,!1),l.addEventListener(\"DOMContentLoaded\",function(){for(var e,t,s=l.querySelectorAll(\"iframe.wp-embedded-content\"),r=0;r<s.length;r++)(t=(e=s[r]).getAttribute(\"data-secret\"))||(t=Math.random().toString(36).substring(2,12),e.src+=\"#?secret=\"+t,e.setAttribute(\"data-secret\",t)),e.contentWindow.postMessage({message:\"ready\",secret:t},\"*\")},!1)))}(window,document);\n\/\/# sourceURL=https:\/\/nld.mirex.gob.do\/consular\/amsterdam\/wp-includes\/js\/wp-embed.min.js\n<\/script>\n","thumbnail_url":null,"thumbnail_width":null,"thumbnail_height":null,"description":"&nbsp;\u00a1Aqu\u00ed les mostramos nuestra cartelera de pel\u00edculas para nuestras comunidades dominicanas en el exterior por el resto del a\u00f1o! &#x1f1e9;&#x1f1f4;&#x1f3ac; En conjunto con&nbsp;@dgcinerd&nbsp;y&nbsp;@cinematecadomrd. &#x1f30e; Desliza a la izquierda para descubrirlas. &#x1f37f; Esta es una iniciativa que forma parte de nuestro programa de difusi\u00f3n cultural y del cual les traemos muchas sorpresas pr\u00f3ximamente. &#x1f3a5; \u00a1Atentos! \u00bfContamos [&hellip;]"}

Consulado General de la República Dominicana en La Haya, Reino de los Países Bajos

Sintoniza con la CinematecaRD en YouTube - Consulado General de la República Dominicana en La Haya, Reino de los Países Bajos

<blockquote class="wp-embedded-content" data-secret="nS4b3TbPTr"><a href="https://nld.mirex.gob.do/consular/amsterdam/sintoniza-con-la-cinematecard-en-youtube/">Sintoniza con la CinematecaRD en YouTube</a></blockquote><iframe sandbox="allow-scripts" security="restricted" src="https://nld.mirex.gob.do/consular/amsterdam/sintoniza-con-la-cinematecard-en-youtube/embed/#?secret=nS4b3TbPTr" width="600" height="338" title="&#8220;Sintoniza con la CinematecaRD en YouTube&#8221; &#8212; Consulado General de la República Dominicana en La Haya, Reino de los Países Bajos" data-secret="nS4b3TbPTr" frameborder="0" marginwidth="0" marginheight="0" scrolling="no" class="wp-embedded-content"></iframe><script>
/*! This file is auto-generated */
!function(d,l){"use strict";l.querySelector&&d.addEventListener&&"undefined"!=typeof URL&&(d.wp=d.wp||{},d.wp.receiveEmbedMessage||(d.wp.receiveEmbedMessage=function(e){var t=e.data;if((t||t.secret||t.message||t.value)&&!/[^a-zA-Z0-9]/.test(t.secret)){for(var s,r,n,a=l.querySelectorAll('iframe[data-secret="'+t.secret+'"]'),o=l.querySelectorAll('blockquote[data-secret="'+t.secret+'"]'),c=new RegExp("^https?:$","i"),i=0;i<o.length;i++)o[i].style.display="none";for(i=0;i<a.length;i++)s=a[i],e.source===s.contentWindow&&(s.removeAttribute("style"),"height"===t.message?(1e3<(r=parseInt(t.value,10))?r=1e3:~~r<200&&(r=200),s.height=r):"link"===t.message&&(r=new URL(s.getAttribute("src")),n=new URL(t.value),c.test(n.protocol))&&n.host===r.host&&l.activeElement===s&&(d.top.location.href=t.value))}},d.addEventListener("message",d.wp.receiveEmbedMessage,!1),l.addEventListener("DOMContentLoaded",function(){for(var e,t,s=l.querySelectorAll("iframe.wp-embedded-content"),r=0;r<s.length;r++)(t=(e=s[r]).getAttribute("data-secret"))||(t=Math.random().toString(36).substring(2,12),e.src+="#?secret="+t,e.setAttribute("data-secret",t)),e.contentWindow.postMessage({message:"ready",secret:t},"*")},!1)))}(window,document);
//# sourceURL=https://nld.mirex.gob.do/consular/amsterdam/wp-includes/js/wp-embed.min.js
</script>

&nbsp;¡Aquí les mostramos nuestra cartelera de películas para nuestras comunidades dominicanas en el exterior por el resto del año! &#x1f1e9;&#x1f1f4;&#x1f3ac; En conjunto con&nbsp;@dgcinerd&nbsp;y&nbsp;@cinematecadomrd. &#x1f30e; Desliza a la izquierda para descubrirlas. &#x1f37f; Esta es una iniciativa que forma parte de nuestro programa de difusión cultural y del cual les traemos muchas sorpresas próximamente. &#x1f3a5; ¡Atentos! ¿Contamos [&hellip;]
