{"version":"1.0","provider_name":"Consulado General de la Rep\u00fablica Dominicana en La Haya, Reino de los Pa\u00edses Bajos","provider_url":"https:\/\/nld.mirex.gob.do\/consular\/amsterdam","title":"Promocion de Nuestros Valores e Idioma - Consulado General de la Rep\u00fablica Dominicana en La Haya, Reino de los Pa\u00edses Bajos","type":"rich","width":600,"height":338,"html":"<blockquote class=\"wp-embedded-content\" data-secret=\"SLT50grXxk\"><a href=\"https:\/\/nld.mirex.gob.do\/consular\/amsterdam\/promocion-de-nuestros-valores-e-idioma\/\">Promocion de Nuestros Valores e Idioma<\/a><\/blockquote><iframe sandbox=\"allow-scripts\" security=\"restricted\" src=\"https:\/\/nld.mirex.gob.do\/consular\/amsterdam\/promocion-de-nuestros-valores-e-idioma\/embed\/#?secret=SLT50grXxk\" width=\"600\" height=\"338\" title=\"&#8220;Promocion de Nuestros Valores e Idioma&#8221; &#8212; Consulado General de la Rep\u00fablica Dominicana en La Haya, Reino de los Pa\u00edses Bajos\" data-secret=\"SLT50grXxk\" frameborder=\"0\" marginwidth=\"0\" marginheight=\"0\" scrolling=\"no\" class=\"wp-embedded-content\"><\/iframe><script>\n\/*! This file is auto-generated *\/\n!function(d,l){\"use strict\";l.querySelector&&d.addEventListener&&\"undefined\"!=typeof URL&&(d.wp=d.wp||{},d.wp.receiveEmbedMessage||(d.wp.receiveEmbedMessage=function(e){var t=e.data;if((t||t.secret||t.message||t.value)&&!\/[^a-zA-Z0-9]\/.test(t.secret)){for(var s,r,n,a=l.querySelectorAll('iframe[data-secret=\"'+t.secret+'\"]'),o=l.querySelectorAll('blockquote[data-secret=\"'+t.secret+'\"]'),c=new RegExp(\"^https?:$\",\"i\"),i=0;i<o.length;i++)o[i].style.display=\"none\";for(i=0;i<a.length;i++)s=a[i],e.source===s.contentWindow&&(s.removeAttribute(\"style\"),\"height\"===t.message?(1e3<(r=parseInt(t.value,10))?r=1e3:~~r<200&&(r=200),s.height=r):\"link\"===t.message&&(r=new URL(s.getAttribute(\"src\")),n=new URL(t.value),c.test(n.protocol))&&n.host===r.host&&l.activeElement===s&&(d.top.location.href=t.value))}},d.addEventListener(\"message\",d.wp.receiveEmbedMessage,!1),l.addEventListener(\"DOMContentLoaded\",function(){for(var e,t,s=l.querySelectorAll(\"iframe.wp-embedded-content\"),r=0;r<s.length;r++)(t=(e=s[r]).getAttribute(\"data-secret\"))||(t=Math.random().toString(36).substring(2,12),e.src+=\"#?secret=\"+t,e.setAttribute(\"data-secret\",t)),e.contentWindow.postMessage({message:\"ready\",secret:t},\"*\")},!1)))}(window,document);\n\/\/# sourceURL=https:\/\/nld.mirex.gob.do\/consular\/amsterdam\/wp-includes\/js\/wp-embed.min.js\n<\/script>\n","description":"En el d\u00eda de ayer, 25 de octubre del presente a\u00f1o, se realiz\u00f3 una entrega especial del libro &#8220;Nacho&#8221; a los hermanos Arvanni y Elaisha. Este emotivo acto tuvo como objetivo principal fomentar y promover el aprendizaje del idioma espa\u00f1ol en las generaciones m\u00e1s j\u00f3venes. &nbsp; El libro &#8220;Nacho&#8221; es una valiosa herramienta que busca [&hellip;]","thumbnail_url":"https:\/\/www.consuladordholanda.com\/wp-content\/uploads\/2023\/11\/2.jpeg"}

Consulado General de la República Dominicana en La Haya, Reino de los Países Bajos

Promocion de Nuestros Valores e Idioma - Consulado General de la República Dominicana en La Haya, Reino de los Países Bajos

<blockquote class="wp-embedded-content" data-secret="SLT50grXxk"><a href="https://nld.mirex.gob.do/consular/amsterdam/promocion-de-nuestros-valores-e-idioma/">Promocion de Nuestros Valores e Idioma</a></blockquote><iframe sandbox="allow-scripts" security="restricted" src="https://nld.mirex.gob.do/consular/amsterdam/promocion-de-nuestros-valores-e-idioma/embed/#?secret=SLT50grXxk" width="600" height="338" title="&#8220;Promocion de Nuestros Valores e Idioma&#8221; &#8212; Consulado General de la República Dominicana en La Haya, Reino de los Países Bajos" data-secret="SLT50grXxk" frameborder="0" marginwidth="0" marginheight="0" scrolling="no" class="wp-embedded-content"></iframe><script>
/*! This file is auto-generated */
!function(d,l){"use strict";l.querySelector&&d.addEventListener&&"undefined"!=typeof URL&&(d.wp=d.wp||{},d.wp.receiveEmbedMessage||(d.wp.receiveEmbedMessage=function(e){var t=e.data;if((t||t.secret||t.message||t.value)&&!/[^a-zA-Z0-9]/.test(t.secret)){for(var s,r,n,a=l.querySelectorAll('iframe[data-secret="'+t.secret+'"]'),o=l.querySelectorAll('blockquote[data-secret="'+t.secret+'"]'),c=new RegExp("^https?:$","i"),i=0;i<o.length;i++)o[i].style.display="none";for(i=0;i<a.length;i++)s=a[i],e.source===s.contentWindow&&(s.removeAttribute("style"),"height"===t.message?(1e3<(r=parseInt(t.value,10))?r=1e3:~~r<200&&(r=200),s.height=r):"link"===t.message&&(r=new URL(s.getAttribute("src")),n=new URL(t.value),c.test(n.protocol))&&n.host===r.host&&l.activeElement===s&&(d.top.location.href=t.value))}},d.addEventListener("message",d.wp.receiveEmbedMessage,!1),l.addEventListener("DOMContentLoaded",function(){for(var e,t,s=l.querySelectorAll("iframe.wp-embedded-content"),r=0;r<s.length;r++)(t=(e=s[r]).getAttribute("data-secret"))||(t=Math.random().toString(36).substring(2,12),e.src+="#?secret="+t,e.setAttribute("data-secret",t)),e.contentWindow.postMessage({message:"ready",secret:t},"*")},!1)))}(window,document);
//# sourceURL=https://nld.mirex.gob.do/consular/amsterdam/wp-includes/js/wp-embed.min.js
</script>

En el día de ayer, 25 de octubre del presente año, se realizó una entrega especial del libro &#8220;Nacho&#8221; a los hermanos Arvanni y Elaisha. Este emotivo acto tuvo como objetivo principal fomentar y promover el aprendizaje del idioma español en las generaciones más jóvenes. &nbsp; El libro &#8220;Nacho&#8221; es una valiosa herramienta que busca [&hellip;]
